{"id":28,"date":"2014-12-11T21:51:45","date_gmt":"2014-12-11T21:51:45","guid":{"rendered":"http:\/\/r2g.heinzl.cc\/?page_id=28"},"modified":"2019-10-04T16:54:30","modified_gmt":"2019-10-04T14:54:30","slug":"fahrer","status":"publish","type":"page","link":"http:\/\/r2g.heinzl.cc\/?page_id=28","title":{"rendered":"Drivers"},"content":{"rendered":"<h2>Aktuell gemeldete Betreuer f\u00fcr Wettk\u00e4mpfe<\/h2>\n<p>&nbsp;<\/p>\n<table style=\"height: 460px;\" border=\"0\" width=\"810\" frame=\"VOID\" rules=\"NONE\" cellspacing=\"0\">\n<colgroup>\n<col width=\"86\" \/>\n<col width=\"173\" \/>\n<col width=\"86\" \/>\n<col width=\"31\" \/>\n<col width=\"267\" \/><\/colgroup>\n<tbody>\n<tr>\n<td align=\"LEFT\" height=\"18\">Thomas<\/td>\n<td align=\"LEFT\"><a href=\"http:\/\/run2gether.com\/?portfolio=thomas-krejci\" target=\"_blank\" rel=\"noopener noreferrer\">KREJCI<\/a><\/td>\n<td align=\"LEFT\">F\u00fcrstenfeld<\/td>\n<td align=\"LEFT\"><\/td>\n<td align=\"LEFT\"><\/td>\n<\/tr>\n<tr>\n<td align=\"LEFT\" height=\"18\">Johann<\/td>\n<td align=\"LEFT\"><a href=\"http:\/\/run2gether.com\/?portfolio=johann-heinzl\" target=\"_blank\" rel=\"noopener noreferrer\"><span class=\"Apple-style-span\">HEINZL<\/span><\/a><\/td>\n<td align=\"LEFT\">Wien<\/td>\n<td align=\"LEFT\"><\/td>\n<td align=\"LEFT\"><\/td>\n<\/tr>\n<tr>\n<td align=\"LEFT\" height=\"18\">Thomas<\/td>\n<td align=\"LEFT\"><a href=\"http:\/\/run2gether.com\/?portfolio=thomas-kratky\" target=\"_blank\" rel=\"noopener noreferrer\">KRATKY<\/a><\/td>\n<td align=\"LEFT\">Wien<\/td>\n<td align=\"LEFT\"><\/td>\n<td align=\"LEFT\"><\/td>\n<\/tr>\n<tr>\n<td align=\"LEFT\" height=\"18\">Christian<\/td>\n<td align=\"LEFT\"><a href=\"http:\/\/run2gether.com\/?portfolio=christian-panny\" target=\"_blank\" rel=\"noopener noreferrer\">PANNY<\/a><\/td>\n<td align=\"LEFT\">Wien<\/td>\n<td align=\"LEFT\"><\/td>\n<td align=\"LEFT\"><\/td>\n<\/tr>\n<tr>\n<td align=\"LEFT\" height=\"18\">Anna<\/td>\n<td align=\"LEFT\"><a href=\"http:\/\/run2gether.com\/?p=20580\" target=\"_blank\" rel=\"noopener noreferrer\">GRO\u00df<\/a><\/td>\n<td align=\"LEFT\">Graz<\/td>\n<td style=\"text-align: center;\" align=\"LEFT\"><\/td>\n<td align=\"LEFT\"><\/td>\n<\/tr>\n<tr>\n<td align=\"LEFT\" height=\"18\">Isolde<\/td>\n<td align=\"LEFT\"><a href=\"http:\/\/run2gether.com\/?portfolio=isolde-hoefinger-pattis\" target=\"_blank\" rel=\"noopener noreferrer\">H\u00d6FINGER-PATTIS<\/a><\/td>\n<td align=\"LEFT\">Innsbruck<\/td>\n<td align=\"LEFT\"><\/td>\n<td align=\"LEFT\"><\/td>\n<\/tr>\n<tr>\n<td align=\"LEFT\" height=\"18\">Benno<\/td>\n<td align=\"LEFT\"><a href=\"http:\/\/run2gether.com\/?portfolio=benno-schmidt\" target=\"_blank\" rel=\"noopener noreferrer\">SCHMIDT<\/a><\/td>\n<td align=\"LEFT\">Linz<\/td>\n<td align=\"LEFT\"><\/td>\n<td align=\"LEFT\"><\/td>\n<\/tr>\n<tr>\n<td align=\"LEFT\" height=\"17\">Martin<\/td>\n<td align=\"LEFT\"><a href=\"http:\/\/run2gether.com\/?portfolio=martin-helletzgruber\" target=\"_blank\" rel=\"noopener noreferrer\">HELLETZGRUBER<\/a><\/td>\n<td align=\"LEFT\">Traun<\/td>\n<td align=\"LEFT\"><\/td>\n<td align=\"LEFT\"><\/td>\n<\/tr>\n<tr>\n<td align=\"LEFT\" height=\"17\">Franz<\/td>\n<td align=\"LEFT\"><a href=\"http:\/\/run2gether.com\/?portfolio=franz-glashuettner\">GLASH\u00dcTTNER<\/a><\/td>\n<td align=\"LEFT\">Graz<\/td>\n<td style=\"text-align: center;\" align=\"LEFT\"><\/td>\n<td align=\"LEFT\"><\/td>\n<\/tr>\n<tr>\n<td align=\"LEFT\" height=\"17\">Helmut<\/td>\n<td align=\"LEFT\"><a href=\"http:\/\/run2gether.com\/?portfolio=helmut-gass\" target=\"_blank\" rel=\"noopener noreferrer\">GASS<\/a><\/td>\n<td align=\"LEFT\">Pottenstein<\/td>\n<td align=\"LEFT\"><\/td>\n<td align=\"LEFT\"><\/td>\n<\/tr>\n<tr>\n<td align=\"LEFT\" height=\"17\">Josef<\/td>\n<td align=\"LEFT\"><a href=\"http:\/\/run2gether.com\/?portfolio=josef-wimmer\" target=\"_blank\" rel=\"noopener noreferrer\">WIMMER<\/a><\/td>\n<td align=\"LEFT\">Seitenstetten<\/td>\n<td align=\"LEFT\"><\/td>\n<td align=\"LEFT\"><\/td>\n<\/tr>\n<tr>\n<td align=\"LEFT\" height=\"17\">Jacek<\/td>\n<td align=\"LEFT\"><a href=\"http:\/\/run2gether.com\/?portfolio=jacek-wozniczko\" target=\"_blank\" rel=\"noopener noreferrer\">WOZNICZKO<\/a><\/td>\n<td align=\"LEFT\">Wien<\/td>\n<td align=\"LEFT\"><\/td>\n<td align=\"LEFT\"><\/td>\n<\/tr>\n<tr>\n<td align=\"LEFT\" height=\"17\">Hermann<\/td>\n<td align=\"LEFT\"><a href=\"http:\/\/run2gether.com\/?portfolio=hermann-steinacher\">STEINACHER<\/a><\/td>\n<td align=\"LEFT\">Kirchberg W<\/td>\n<td align=\"LEFT\"><\/td>\n<td align=\"LEFT\"><\/td>\n<\/tr>\n<tr>\n<td align=\"LEFT\" height=\"17\">Gaby<\/td>\n<td align=\"LEFT\"><a href=\"http:\/\/run2gether.com\/?portfolio=gaby-neubauer\" target=\"_blank\" rel=\"noopener noreferrer\">NEUBAUER<\/a><\/td>\n<td align=\"LEFT\">Wien<\/td>\n<td align=\"LEFT\"><\/td>\n<td align=\"LEFT\"><\/td>\n<\/tr>\n<tr>\n<td align=\"LEFT\" height=\"17\">Peter<\/td>\n<td align=\"LEFT\"><a href=\"http:\/\/run2gether.com\/?portfolio=peter-cuje\" target=\"_blank\" rel=\"noopener noreferrer\">CUJE<\/a><\/td>\n<td align=\"LEFT\">Waiblingen<\/td>\n<td style=\"text-align: center;\" align=\"LEFT\">*<\/td>\n<td align=\"LEFT\"><\/td>\n<\/tr>\n<tr>\n<td align=\"LEFT\" height=\"17\">Martina<\/td>\n<td align=\"LEFT\"><a href=\"http:\/\/run2gether.com\/info\/martina-walch\/\" target=\"_blank\" rel=\"noopener noreferrer\">WALCH<\/a><\/td>\n<td align=\"LEFT\">Graz<\/td>\n<td style=\"text-align: center;\" align=\"LEFT\">*<\/td>\n<td align=\"LEFT\"><\/td>\n<\/tr>\n<tr>\n<td align=\"LEFT\" height=\"17\">Christoph<\/td>\n<td align=\"LEFT\"><a href=\"http:\/\/run2gether.com\/info\/christoph-stadler\">STADLER<\/a><\/td>\n<td align=\"LEFT\">Linz<\/td>\n<td style=\"text-align: center;\" align=\"LEFT\">*<\/td>\n<td align=\"LEFT\"><\/td>\n<\/tr>\n<\/tbody>\n<\/table>\n<blockquote>\n<pre>* - neu\r\n<span style=\"font: 15px\/21.42px 'Roboto Condensed', sans-serif; color: #ff0000; text-transform: none; text-indent: 0px; letter-spacing: normal; word-spacing: 0px; float: none; display: inline !important; white-space: normal; widows: 1; font-size-adjust: none; font-stretch: normal; background-color: #ffffff; -webkit-text-stroke-width: 0px;\">&gt; &gt;&gt; klick auf den\u00a0jeweiligen\u00a0Namen\u00a0um mehr Informationen zu erhalten!<\/span><\/pre>\n<\/blockquote>\n<p>&nbsp;<\/p>\n<p>&nbsp;<\/p>\n<p>&nbsp;<\/p>\n<p>@end<\/p>\n","protected":false},"excerpt":{"rendered":"<p>Aktuell gemeldete Betreuer f\u00fcr Wettk\u00e4mpfe &nbsp; Thomas KREJCI F\u00fcrstenfeld Johann HEINZL Wien Thomas KRATKY Wien Christian PANNY Wien Anna GRO\u00df Graz Isolde H\u00d6FINGER-PATTIS Innsbruck Benno SCHMIDT Linz Martin HELLETZGRUBER Traun Franz GLASH\u00dcTTNER Graz Helmut GASS Pottenstein Josef WIMMER Seitenstetten Jacek WOZNICZKO Wien Hermann STEINACHER Kirchberg W Gaby NEUBAUER Wien Peter CUJE Waiblingen * Martina WALCH [&hellip;]<\/p>\n","protected":false},"author":1,"featured_media":0,"parent":0,"menu_order":0,"comment_status":"open","ping_status":"open","template":"","meta":[],"_links":{"self":[{"href":"http:\/\/r2g.heinzl.cc\/index.php?rest_route=\/wp\/v2\/pages\/28"}],"collection":[{"href":"http:\/\/r2g.heinzl.cc\/index.php?rest_route=\/wp\/v2\/pages"}],"about":[{"href":"http:\/\/r2g.heinzl.cc\/index.php?rest_route=\/wp\/v2\/types\/page"}],"author":[{"embeddable":true,"href":"http:\/\/r2g.heinzl.cc\/index.php?rest_route=\/wp\/v2\/users\/1"}],"replies":[{"embeddable":true,"href":"http:\/\/r2g.heinzl.cc\/index.php?rest_route=%2Fwp%2Fv2%2Fcomments&post=28"}],"version-history":[{"count":53,"href":"http:\/\/r2g.heinzl.cc\/index.php?rest_route=\/wp\/v2\/pages\/28\/revisions"}],"predecessor-version":[{"id":779,"href":"http:\/\/r2g.heinzl.cc\/index.php?rest_route=\/wp\/v2\/pages\/28\/revisions\/779"}],"wp:attachment":[{"href":"http:\/\/r2g.heinzl.cc\/index.php?rest_route=%2Fwp%2Fv2%2Fmedia&parent=28"}],"curies":[{"name":"wp","href":"https:\/\/api.w.org\/{rel}","templated":true}]}}